ide 37529109?
False
Is 214 a factor of 69545720?
True
Is 20940815 a multiple of 344?
False
Is 29 a factor of 19430415?
False
Is 26230564 a multiple of 27?
False
Does 166 divide 9343222?
False
Is 27565525 a multiple of 1384?
False
Is 57283955 a multiple of 19?
True
Does 79 divide 460418179?
False
Is 1003 a factor of 824328177?
False
Is 312 a factor of 2330683057?
False
Is 224 a factor of 87778880?
True
Does 270 divide 891868050?
True
Does 11 divide 181194772?
True
Does 4 divide 544807908?
True
Is 11 a factor of 185136787?
True
Is 764658718 a multiple of 563?
True
Does 124 divide 895941111?
False
Is 106081634 a multiple of 109?
True
Is 104 a factor of 62584964?
False
Is 18279426 a multiple of 57?
False
Is 826 a factor of 48405844?
False
Is 810584400 a multiple of 86?
True
Is 882628101 a multiple of 22?
False
Is 394095256 a multiple of 24?
False
Is 23308353 a multiple of 1523?
False
Is 1587 a factor of 1180667694?
True
Is 2455828040 a multiple of 584?
True
Is 24 a factor of 224522640?
True
Does 77 divide 54864194?
True
Is 2459827 a multiple of 4?
False
Is 212 a factor of 148687048?
True
Is 1527689302 a multiple of 14?
False
Is 9084744 a multiple of 72?
True
Is 122051340 a multiple of 93?
True
Does 27 divide 15110901?
True
Is 130250012 a multiple of 297?
False
Is 562 a factor of 801221482?
True
Is 51 a factor of 45322323?
True
Is 1098269235 a multiple of 129?
True
Is 747730200 a multiple of 580?
True
Does 52 divide 4988956588?
False
Is 876525768 a multiple of 1611?
True
Is 71 a factor of 36497808?
False
Does 109 divide 43607806?
False
Does 58 divide 510496372?
False
Does 136 divide 201859486?
False
Is 3548 a factor of 9441228?
True
Does 868 divide 1315187148?
False
Is 9 a factor of 150672177?
True
Does 155 divide 22104428?
False
Is 8 a factor of 604999?
False
Is 662428358 a multiple of 34?
True
Is 530250300 a multiple of 405?
True
Does 11 divide 5414706?
True
Does 4 divide 124877224?
True
Is 6 a factor of 19013064?
True
Does 7 divide 29155599?
False
Does 46 divide 273775808?
True
Is 95 a factor of 13079695?
True
Is 227 a factor of 167883525?
True
Is 63965336 a multiple of 14?
False
Is 110 a factor of 1012596881?
False
Does 3792 divide 540238656?
True
Is 4379 a factor of 268735506?
False
Does 3353 divide 239395374?
False
Is 74 a factor of 4508876832?
True
Does 110 divide 908206434?
False
Is 8 a factor of 81499256?
True
Is 410 a factor of 246214020?
True
Is 409 a factor of 24701146?
True
Is 23264157 a multiple of 5?
False
Is 9669522 a multiple of 3?
True
Does 269 divide 207104790?
False
Does 30 divide 5561430?
True
Does 1646 divide 158477170?
False
Is 43497129 a multiple of 13?
True
Does 1281 divide 32364465?
True
Is 120770703 a multiple of 9?
True
Is 253 a factor of 113505963?
False
Is 3215338 a multiple of 14?
True
Is 6247537 a multiple of 570?
False
Is 5 a factor of 11661542?
False
Does 8 divide 20010077?
False
Is 561040656 a multiple of 8?
True
Does 213 divide 81111252?
True
Is 11963 a factor of 3216300402?
True
Does 9 divide 28963318?
False
Does 323 divide 15386751?
True
Is 844 a factor of 304150592?
True
Is 3909 a factor of 451325322?
True
Is 146 a factor of 19154762?
True
Is 266 a factor of 1858757992?
True
Is 138589992 a multiple of 213?
False
Is 125 a factor of 1045633875?
True
Does 90 divide 2462367780?
True
Does 7 divide 13895185?
False
Does 21 divide 918447390?
True
Does 184 divide 83549248?
True
Does 1348 divide 20797698?
False
Is 12 a factor of 384738178?
False
Does 1076 divide 23443888?
True
Does 3465 divide 303634485?
True
Does 14 divide 10515043?
False
Does 27 divide 60883758?
True
Is 10365462 a multiple of 54?
True
Is 1085233747 a multiple of 6071?
True
Does 31 divide 2873819157?
False
Is 11 a factor of 394396068?
True
Is 9 a factor of 70688124?
True
Is 1771854309 a multiple of 9?
True
Does 23 divide 54244520?
False
Is 53 a factor of 1005683692?
True
Is 216003256 a multiple of 14?
True
Does 139 divide 381574321?
True
Is 1267131544 a multiple of 51?
False
Is 49527417 a multiple of 36?
False
Is 692873190 a multiple of 698?
True
Is 4 a factor of 8277048?
True
Does 1019 divide 77629458?
True
Is 10308456 a multiple of 174?
True
Is 958633452 a multiple of 1764?
True
Does 26 divide 10270979?
False
Does 126 divide 17839206?
True
Is 756 a factor of 31110589?
False
Is 32479809 even?
False
Is 1059 a factor of 195269010?
True
Is 1003470380 a multiple of 27?
False
Is 530 a factor of 591457330?
False
Does 3127 divide 1276384471?
False
Is 619445016 a multiple of 18?
True
Is 1014 a factor of 81648281?
False
Is 175 a factor of 259439149?
False
Is 1216927023 a multiple of 13?
True
Is 60751680 a multiple of 968?
True
Is 10 a factor of 39468661?
False
Is 467554428 a multiple of 12?
True
Is 364 a factor of 29144613?
False
Is 400 a factor of 25597200?
True
Does 113 divide 2290204205?
False
Is 837302092 a multiple of 242?
True
Is 18319884 a multiple of 1147?
True
Is 87554630 a multiple of 409?
True
Is 64025230 a multiple of 68?
False
Is 2890 a factor of 20709448?
False
Does 2482 divide 197390978?
True
Is 85930208 a multiple of 598?
True
Is 8336790 a multiple of 162?
False
Is 417 a factor of 53731846?
False
Is 26828909 a multiple of 220?
False
Is 6716473 a multiple of 195?
False
Does 172 divide 235025983?
False
Is 308 a factor of 85689324?
False
Is 383644932 a multiple of 12?
True
Is 8 a factor of 11690323?
False
Does 26 divide 1209752492?
True
Is 1102536074 a multiple of 314?
False
Is 343225 a multiple of 3?
False
Does 21 divide 151392674?
False
Does 58 divide 127041282?
False
Is 759 a factor of 91306941?
True
Is 64795 a multiple of 11?
False
Is 31817031 a multiple of 2?
False
Does 363 divide 132679404?
True
Is 2 a factor of 5813453?
False
Is 22 a factor of 9690032?
True
Is 34 a factor of 1123455723?
False
Is 119 a factor of 167477098?
False
Is 1188209867 a multiple of 13?
True
Is 12265806 a multiple of 7?
True
Is 336128820 a multiple of 2445?
True
Does 2822 divide 93978244?
True
Is 558 a factor of 44140894?
False
Does 737 divide 4312924?
True
Does 396 divide 6563251?
False
Does 243 divide 758634093?
True
Is 15900583 a multiple of 253?
False
Is 2 a factor of 205535?
False
Does 75 divide 12244275?
True
Is 21 a factor of 176048565?
True
Is 118535455 a multiple of 485?
True
Is 402505062 a multiple of 59?
False
Does 269 divide 16059111?
False
Is 383 a factor of 30139036?
True
Is 27 a factor of 51100956?
True
Does 43 divide 14179121?
True
Is 22 a factor of 77513923?
False
Does 925 divide 113896593?
False
Is 14 a factor of 8088265?
False
Is 234373314 a multiple of 1113?
True
Does 574 divide 272286243?
False
Is 300 a factor of 32866200?
True
Is 6184899 a multiple of 300?
False
Is 1661 a factor of 817941179?
True
Does 9 divide 548456366?
False
Does 5 divide 895197?
False
Does 749 divide 425602023?
True
Is 16 a factor of 14240320?
True
Is 21 a factor of 46691631?
True
Is 2347926 a multiple of 21?
True
Is 11644688 a multiple of 2428?
True
Does 36 divide 71469103?
False
Is 22 a factor of 5841778910?
True
Is 8652305 a multiple of 128?
False
Does 332 divide 10674464?
True
Is 1129862952 a multiple of 547?
False
Is 6 a factor of 1843314426?
True
Is 537579829 a multiple of 296?
False
Is 651 a factor of 136799566?
False
Is 68 a factor of 80545932?
True
Is 209426211 a multiple of 275?
False
Is 1394336945 a multiple of 119?
False
Does 28 divide 306017516?
True
Does 13 divide 1281865?
True
Is 145 a factor of 690103285?
True
Does 69 divide 16938979?
False
Is 55041678 a multiple of 3?
True
Is 4741380 a multiple of 213?
True
Is 1461 a factor of 315678270?
True
Is 9 a factor of 187367454?
True
Is 1654275546 a multiple of 42?
True
Is 305905983 a multiple of 104?
False
Is 791376448 a multiple of 35?
False
Is 59 a factor of 675604811?
True
Is 1008 a factor of 521933182?
False
Is 77 a factor of 21048155?
False
Is 29 a factor of 108980838?
False
Is 195397650 a multiple of 1450?
True
Is 35072 a multiple of 4?
True
Does 85 divide 16419469?
False
Is 14395821 a multiple of 3417?
True
Is 30 a factor of 101374080?
True
Is 567 a factor of 1260293580?
True
Is 49977600 a multiple of 480?
True
Is 2335 a factor of 1329824530?
True
Is 47 a factor of 193457217?
True
Is 1777032472 a multiple of 173?
True
Is 15 a factor of 93754762?
False
Is 34 a factor of 273896795?
False
Does 10 divide 1585